 - (1848 - 1858).
-41
What is 11 + 1 + (68 - (4 + 82))?
-6
Calculate (-23 - 54) + 0 + 70.
-7
Evaluate -8 + 0 + 30 + -42.
-20
(6 - (5 + -7)) + (23 - 21) + 16
26
What is the value of 6 - -6 - ((-1 - -105) + (-3 - (-14 + 11)))?
-92
Evaluate 0 + 8 - (75 + (-125 - -39)).
19
(-10 - (-1 - -35)) + 13
-31
-8 - 2 - (1 - ((2 - -10) + -31 - 70))
-100
((19 - 40) + 16 - 127) + 20
-112
What is the value of 11 - (-8 - (-93 - 6 - 10)) - (17 + -3)?
-104
Calculate 21 - 1 - (-271 + 112 + 155).
24
Calculate 157 - (-9 - (429 + -421 + (-33 - 2))).
139
Evaluate 12 + 4 + (12 - -9 - 2).
35
What is the value of 0 - (10 - (1 + -1)) - (519081 + -518974)?
-117
Calculate 10 + (-3 - 76 - (2 - 6)) + (11 - 2).
-56
Calculate (-11 - -46) + -8 + -4 + 7 + (-1 - 2).
27
Calculate -5 - -13 - (225 - 172).
-45
Evaluate -50 - ((3 - 22) + 7 - (33 - 44)).
-49
What is 92 - (45 + (77 - 94))?
64
What is the value of -4 - (7 - 3 - (3 + -5))?
-10
Calculate -18 + (-13 + -12 - -13) + -97 + 18.
-109
What is the value of (127 + -59 - 86) + (0 - -11)?
-7
70 + -20 + (-22 - -26)
54
What is the value of -28 + (-3 - (-6 - 14)) - 25?
-36
(3 - 42 - 4) + (-94 - -52) + 32
-53
What is -39 - ((5 - 2) + -8 - (-23 + 0 + 10))?
-47
Calculate -58 + 61 - (1 + (-43 - 3)).
48
What is the value of -7 + (1 - -15) - (92 - 120)?
37
Evaluate 2 - (-6 + 24 + -9 + 1 + -9 + 2).
-1
Evaluate -51 - (9 - (26 - ((-10 - -13) + 8 - 1))).
-44
What is the value of 65 - (17 + -1 - (-2 - (26 + -6 - 49)))?
76
What is the value of -33 + -85 + 68 + 4 + 139?
93
What is (-6 - 24 - -11 - 3) + -17?
-39
What is the value of 52 - 14 - (15 - -21)?
2
What is 121 + 30 + -91 - 8?
52
What is (16 - 17) + -22 + (1 - 10) - 9?
-41
15 + 1 - (37 + (-14 - -16) + -23)
0
Evaluate 178 + (-49 - 21) + -10.
98
Calculate 47 - (17 + 57 - 56).
29
What is the value of -66 - (-78 - (-74 - -5))?
-57
What is the value of -14 + (452 + -398 - (-22 + -1))?
63
What is the value of 3 + 22 + 41 + -11 - 19?
36
Evaluate (-1 - 9) + 2865 + -2801 + -7 + (-1 - -2).
48
Evaluate 3 + 0 - (79 + (7 - 30) + 9).
-62
-43 - ((28 - 35) + -35)
-1
Evaluate 4 + 1 + 5 + -3 + 33 + 72 + -39.
73
-90 + (11 - -125) - -3
49
(-710 - -692) + (2 - -2 - 3 - (-4 + 0))
-13
What is the value of 102 - (200 + -151 + 80)?
-27
38 + 6 + -1 - (54 + -43)
32
-1 + -24 - (229 + (-132 - 64))
-58
-2 + -1 + 61 - (14 + (-29 - (16 - 32)))
57
What is the value of (-127 - (-6 + -72)) + 100?
51
What is (-16 - 45) + 67 + (-58 + 3 - 3)?
-52
Evaluate (5 - (3 + 5)) + (-8 + (2 - -2) - 70).
-77
What is (221 - 160 - (-4 - 14) - (2 + 9)) + -10?
58
96 - 11 - (510 + -408)
-17
What is the value of (-58 - -49) + -41 + -5 + (0 - -5)?
-50
Evaluate 4 + -10 + 4 + 4 + 9 + 4.
15
What is the value of -31 + 5 + -15 + (4 + 5 - -9) - 10?
-33
What is the value of -53 + 73 + 0 + 22?
42
What is 47 + (34 - (37 - 11)) + (2 - 3)?
54
Evaluate 90 - 55 - ((-19 - -7) + 0 + 1).
46
-15 + -11 + (9 - -14 - (37 + 0))
-40
What is (-30 + 37 - -6) + -15 - -57?
55
Calculate 93 + (47 + -2 + -80 - -70).
128
Evaluate -7 + (91 - 42 - 6).
36
What is the value of -21 + (-19 - (13 - 9)) + 14?
-30
Evaluate (301 - 142) + -136 - -13.
36
3 + -104 + (4517 - 4421) + -142 + (1 - 2)
-148
0 - (-3 + (-53 - -28)) - 29
-1
Calculate (-79 - -113) + (-59 + 26 - -114).
115
28 + 1 + -18 + (-519 - -549) + 3
44
What is the value of 14 - 2 - -1 - (21 + -54 - -46)?
0
What is the value of (1 - (-16 - 1) - (23 + -20)) + -112 + -4?
-101
Calculate 1 + -13 + ((17 - 43) + 57 - 90).
-71
What is (2 - (16 + -3)) + (-34 - (24 - 38))?
-31
-1590 + 1637 + (-1 - (-9 + (-1 - 0)))
56
What is -26 + 19 + 7 - -19 - 26 - (23 + 0)?
-30
Calculate (-4 + -9 - -2) + (-7 - (-9 + 6)).
-15
Calculate (31 - 0) + (181 - 211) + -20.
-19
Calculate (0 - -15) + (58 - 15 - (6 + -44)).
96
(33 + -97 - -67) + -8
-5
What is the value of -15 - -7 - 49 - (-3 + -1 + (0 - -10))?
-63
Calculate (3 - (5 - (-8 - -6))) + 4 + 27 + -33.
-6
What is 69 + -45 + (-2 - -18) - 1?
39
Calculate -69 - ((-22 - -17) + 23 + -37 + -3).
-47
What is 42 + 9 + (-69 - -17)?
-1
Calculate 1 + (0 - -20) + -309 + 354.
66
Calculate -47 - 2 - (91 + -39).
-101
Calculate 370 + -378 - (6 - 1 - -11).
-24
What is the value of 7 + -4 + -110 + 97 - -21?
11
(-6 - (-34 + 7) - 12) + (-64 - (-9 + -5))
-41
Evaluate (-109 - -145) + -60 + 102 + 0.
78
What is the value of 20 + (-11 - -9) - (12 + 2) - (66 - -1)?
-63
-12 + -3 + 11 + (1 - 2) + 62 + -71
-14
Evaluate 133 - 189 - (-120 + 11).
53
Evaluate -31 - -8 - -3 - (1 + 6 - 9).
-18
What is (3 - 4) + 35 + 0 + (-257 - -244) + 6?
27
What is the value of -32 + ((-122 - -161) + (-14 - 2) - 13)?
-22
Calculate (-9 - 0) + 39 + 9 + -41 + -30.
-32
Calculate (5 - -7 - (22 + 3)) + 4 - -5.
-4
(3136 - 3080) + 1 + -96
-39
11 + -102 - -81 - 26
-36
What is (12 - 2) + -22 + 22 + -9 + 3?
4
What is the value of (22 - -43) + -48 + 119 + -16?
120
What is -191 + 254 + 31 + -104?
-10
(14 - (112 + (7 + 0 - -7))) + 11 - -9
-92
What is the value of -6 - (-101 + 1 + 18 + -31 + -13 + 21)?
99
Calculate -3 + -20 + 33 + (-7 + 4 + 8 - 9).
6
Evaluate (9 - 32 - 21) + 35.
-9
-18 + (-21 - -34) + (2 - -53) + -3 + -11
36
What is the value of (-2 - -63) + 0 + (220 - 323) + 116?
74
What is 58 + -61 + 35 + -29 + (-12 - -1)?
-8
What is 138 + -157 + (1 - (-1 + 10))?
-27
Calculate 0 - 32 - ((24 - 12) + -19 - 2).
-23
What is the value of -70 + 258 + -55 - 112?
21
Calculate 31 - (58 + -4) - (-4 + -4).
-15
14 + -6 + 80 + 19 + -18
89
-7 + -16 + (-17 + -3 + 11 - 3)
-35
Evaluate (71 + -35 - 36) + (2 - -1 - 13) + 4.
-6
Evaluate -17 + 54 + -13 + 27.
51
-11 + (-4 + 11 + 14 - 6)
4
What is 1 - (-14 + (-1 - (-2 + 59) - (-1346 - -1355)))?
82
What is the value of (-11 + -13 - -25) + (-9 - -12) + (-1 - 48)?
-45
Evaluate 11 + (-8 - (52 + 2)) - (-12 + 7 - -10).
-56
Evaluate (16 - 9) + -9 + -49 + -9 + -5 - -10.
-55
What is 34 + 60 - (83 - 21)?
32
10 - (-83 - -60) - (-3 + -8 + -5)
49
What is -4 + -24 + 26 - -21 - (12 + 106)?
-99
Evaluate -3 + -14 + (4 + 12 - (416 + -412)).
-5
What is 2 - 20 - (-100 - (-89 - -7))?
0
Evaluate -49 + 116 + -44 + -57.
-34
Evaluate 135 - (2 - (-1 + -1 + 2 + (5510 - 5516))).
127
What is the value of 4 + -2 - -38 - (152 + -125)?
13
What is the value of (-198 - -275) + 3 + -44?
36
Evaluate -336 + 321 + (-6 - 9 - 8).
-38
47 + (-4 - 108 - -27)
-38
Evaluate -45 + 19 - -7 - 21 - -137.
97
What is 48 - (9 + (4 - (-12 - -20)))?
43
What is (-40 + 10 - -6) + 16 - (-4 + 1 - -25)?
-30
Evaluate -2 - -14 - ((-1 - -2) + (-19 - (-16 - 18))).
-4
Calculate 45 + (-175 - -200) + (1 - 19).
52
-21 - 4 - ((-15 - 13) + 24)
-21
What is (-62 - ((7 - -6) + -27 - -9)) + 11?
-46
Evaluate -81 - -39 - -81 - 43.
-4
(-41 - 73) + 90 - -95
71
-15 + 2 - (-26 + 69)
-56
Calculate (3 + 28 - (8 - 0)) + (10 - 17).
16
16 + (181 - 207) + -54 + 1
-63
Calculate 29 + (30 - 9 - ((2 - 0) + 9)).
39
50 + -61 + -2 + 8 + 46 + -17
24
-3 + -171 + 175 + 11 + 1
13
What is the value of (2 - 2) + (18 - 26) + -22?
-30
Evaluate (-3 - -2) + 13 + -155 + (38 - -25).
-80
What is the value of (-67 - (-21 + (-12 - (-16 - 6)))) + (12 - 1)?
-45
What is the value of -1466 + 1506 + -1 + -21 - 83?
-65
Calculate -9 - -34 - (-19 + 139 + -1).
-94
Calculate -4 - (-11 + (-29 - -4) - (-1 - 1)).
30
What is the value of 1 + -45 + 12874 + -12972?
-142
What is (-2 - (-130 + 63)) + -149?
-84
-42 + 71 - (4 + 1) - 10
14
Calculate (79 - (75 + -8)) + 1 + -1 + 13.
25
Calculate 5 + -48 + 11 - (-297 - -271).
-6
What is the value of 95 - -3 - (48 - 16)?
66
What is the value of 155 - (30 - (84 + -174))?
35
What is the value of (-18 + 4 - (-89 - -113)) + 8?
-30
Calculate 13 + (12 - 66) - -84.
43
Evaluate 23 + 2 + -12 - -3 - 45.
-29
-28 - (-28 - (20 + -42))
-22
What is the value of 1 - ((-6 + -18 - -113) + -10)?
-78
What is -80 + (80 - 90) - -53?
-37
Calculate (2 - (1 - -1)) + -15 - (49 - (41 - 77)).
-100
What is the value of (-1 + 0 - 0) + -3 - (58 + -14 + -91)?
43
(44 + 5 - (69 - 66)) + 6
52
-60 - -82 - 55 - 2
-35
What is (-12 - (36 + 5)) + -20 - (-15 + 6)?
-64
Evaluate 55 + 35 + (-49 - 28).
13
-14 + (0 - 1) + 11630 + -11612
3
What is (43 - 36) + (-4 - -12) + -48?
-33
What is -33 - (-12 + 27 + -7 - -1) - 2?
-44
What is (11 - -18 - 42) + -30?
-43
What is 70 - 4 - 27 - 58?
-19
Calculate 47 + 0 - 0 - (1590 + -1577).
34
What is -4 - (-11 + 6 - -6 - 59) - (17 - 6)?
43
What is 1 - (-4 + 35) - (369 - 377)?
-22
What is the value of -36 - (-76 + -126 - -92)?
74
